3
Let d = 8053 + -4413. What is the units digit of d?
0
Let w(s) = 4005*s**2 + 11*s + 8. What is the tens digit of w(2)?
5
Suppose 2*p = -4*z + 16, -2*z + 2 = 2*p - 5*z. Let t be 140 + -2 + p + -4. Suppose -4*n + 82 = -t. What is the tens digit of n?
5
Let n be (-1876)/(-8) + (-9)/(-6) - -2. Suppose 16*w - 7058 = n. What is the units digit of w?
6
Let f be 561/55 + (-1)/5. Let k be (-4)/10 + 54/f. Suppose -k*s + 3*z = -367, 2*s - 4*z - 218 = -s. What is the tens digit of s?
7
Suppose -3*u + 4*u = -u. Suppose -5*s - f + 3241 = u, -4*s - 4*f + 3035 = 455. What is the tens digit of s?
4
Let u = 759 + -757. Suppose 2*m = 3*p, -4*p - 2*m + 17 = 3. Suppose -2*o + u = -p. What is the units digit of o?
2
Let a(b) = -b**2 - 2*b + 1. Suppose 3*c - 2*x = 2*x - 22, 5*x = 5*c + 30. Let r be a(c). What is the units digit of (-1)/((r - -1)/(-74))?
7
Suppose q + 3*m = -8, 0 = -q + 9*m - 7*m + 7. What is the hundreds digit of 67870/55*q/2?
6
What is the thousands digit of -4*(-8 - 11479/(-156))*-93?
4
Let c be 181 + (0/1)/(-2). Let w(o) = -o**3 + 8*o**2 + 57*o + 12. Let k be w(13). Let v = c + k. What is the tens digit of v?
8
Suppose -17*q - 23*q - 26*q + 39138 = 0. What is the units digit of q?
3
What is the thousands digit of ((-72)/(-10))/((-909)/(-1160490))?
9
Let s = -5651 - -9137. What is the units digit of s?
6
Let n = -4423 - -64389. What is the hundreds digit of n?
9
Let i be -3*122/(-8) - 3/4. What is the hundreds digit of (36/i)/((-4)/(-2250))?
4
Let s(u) = 3*u + 2. Let j be s(2). Suppose -109*b - 76 - 360 = 0. What is the units digit of (j/(-12))/(b/282)?
7
Let t = 54248 + -37852. What is the thousands digit of t?
6
Let m(c) = 4*c - 266. Let f(o) = -o + 1. Let r(t) = -6*f(t) - m(t). Let d be r(0). Suppose 5*w - 240 = 5*z, z = 5*w - 0*z - d. What is the tens digit of w?
5
Suppose -5*m = -5*a - 5370, -47*a + 45*a = -4*m + 4300. What is the units digit of m?
6
Let n(k) = 92*k**3 - k**2 - k + 1. Let x = 112 + -111. What is the tens digit of n(x)?
9
Let x(g) = -6*g + 16. Let c be x(-5). Let z = -14 + c. Suppose 2*m - k = z, k - 8 = -3*k. What is the tens digit of m?
1
Let q = 103 - 117. Let n(i) = 6*i + 9. Let s be n(q). What is the units digit of 211/2 - s/(-30)?
3
Let x(s) = -s**3 + 13*s**2 + 2*s + 7. Let g(a) = -a**3 + a. Let y(n) = -2*g(n) + x(n). Let r be y(-13). Suppose -r*t + 150 = -4*t. What is the tens digit of t?
5
Suppose 9 + 3 = 3*l + 3*c, 2*c = 3*l - 17. Suppose 264 = -l*v + 7*v. What is the units digit of v?
2
Let q(k) = 700*k**2 - 6*k + 37. What is the thousands digit of q(5)?
7
Let g be ((-52)/(-8))/(2/4). Let z(j) = -j**2 + 16*j - 29. What is the units digit of z(g)?
0
Let o = 52881 - 24210. What is the hundreds digit of o?
6
Let q(u) = -2*u**3 + 9*u**2 + 7*u + 2. Let c(v) = -v**2 + 10. Let x be c(-4). What is the units digit of q(x)?
6
Suppose 0 = 2*l - 8, -t - 4*l = 7 - 20. Let z be 3 - (1 - (0 - t)). Suppose -z*y = -261 - 244. What is the units digit of y?
1
Let l(h) = 48*h**2 - 352*h + 103. What is the units digit of l(-32)?
9
Suppose -3*t - 2*b + 26628 = -2330, 0 = 2*t - 2*b - 19322. What is the hundreds digit of t?
6
Let b(p) = 31*p + 3*p**2 - 12*p - 21*p. Let y be b(6). Let n = -2 + y. What is the tens digit of n?
9
Suppose 3*f = -2*y + 47 + 5, -4*f + 74 = 5*y. Suppose 0 = f*p - 12394 + 3514. What is the hundreds digit of p?
5
Let y be 79*-5*22/(-10). Let d = y + 249. What is the hundreds digit of d?
1
Let o(h) = -h**2 - 624*h - 339. What is the thousands digit of o(-102)?
2
Suppose -3*t + 1361 + 9688 = -3*y, 3*y = -4*t + 14725. Let g = -2618 + t. What is the hundreds digit of g?
0
Let f(g) = 21*g**3 + g**2 - 7*g + 30. Let b = -645 + 648. What is the units digit of f(b)?
5
Suppose -120*t + 355519 + 3665201 = 0. What is the thousands digit of t?
3
Let p(z) = -z**2 + 7*z - 605. Let t be p(0). Let d = t - -1428. What is the hundreds digit of d?
8
Let j(d) be the first derivative of -2*d**2 + 8. Let m be j(-2). What is the units digit of (-10 + m)/(1 - (-61)/(-59))?
9
Suppose -29*f + 4668 = -552. What is the hundreds digit of f?
1
Suppose 5*t - 34140 = 5*y, -4*t + 27322 = -0*t + y. What is the hundreds digit of t?
8
Let k = 20 + -9. Let r(p) = k*p - 24*p - 22 + 8*p + 2*p**2. What is the units digit of r(-6)?
0
Suppose 0 = 34*w + 2077 + 9891. What is the units digit of (574 + 1)*w/(-220)?
0
Suppose 116*s = 8227 - 687. Let w(m) = 61*m**2 + m + 1. Let b be w(-1). Suppose -s*a + b*a = -36. What is the units digit of a?
9
Let i be (0 - 51)*(14/3 - 6). Let d = -44 + i. Suppose -23*z + d*z = 72. What is the units digit of z?
2
Let x be (-76)/10 + 30/(-75). What is the units digit of x/(9 - 17) + (-152)/(-2)?
7
Let l(x) = 2*x + 2. Let h be l(0). What is the tens digit of 1188/30*35/h?
9
Let q = 3737 + 187. What is the thousands digit of q?
3
Let u = 45 + -4. Let d = u + -37. What is the units digit of d/(24/578) + 4/6?
7
Let r(o) = -192*o - 1470. What is the hundreds digit of r(-19)?
1
Let k be 2*3/(-6) - (-25)/5. Suppose -k*s + v + 2201 - 74 = 0, -3*v = 4*s - 2115. What is the hundreds digit of s?
5
Suppose 15*a - 6709 = 731. Let g = a + -353. Suppose 7*j = 774 + g. What is the units digit of j?
1
Let x(y) = -1048*y**3 + 64*y + 122. What is the thousands digit of x(-2)?
8
Let t = -151 - -141. What is the hundreds digit of 204*((-32)/(-20) - 4/t)?
4
Suppose 301 = 3*n - 509. Let u = n - -136. What is the units digit of u?
6
Suppose 941*l - 4124325 = 866*l. What is the tens digit of l?
9
Let b(n) = -n**2 - 2 - 5 - 3*n - 2 + 2*n**2. Let o be b(6). Suppose 4*k - o = -5. What is the units digit of k?
1
Let u = -16525 + 36462. What is the hundreds digit of u?
9
Let q(r) = 2874*r - 1350. What is the units digit of q(5)?
0
Suppose 16*f + 3 = 15*f. Let g(n) be the second derivative of -n**5/4 - n**4/12 + n**3/6 + 7*n**2/2 - n. What is the units digit of g(f)?
0
What is the hundreds digit of (-2 - 0 - 50948)/(-2)?
4
Let m(h) = h**3 - 7*h**2 + 25*h - 87. Let q be m(5). What is the units digit of (24310/30 - q) + 4/(-3)?
1
What is the thousands digit of 229449/22 + (-7)/2?
0
Suppose -f - 5 = -3*s + 1, -5*s + 20 = -5*f. Let q be ((-36)/(-20))/(f/(-10)). What is the tens digit of ((-10)/12 - q/(-4))*120?
8
Suppose 0 = 5*v - 1213 - 537. Let n = -132 + v. What is the units digit of n?
8
Let k(w) = -5*w**3 + 14*w**2 - 17*w + 65. Let d(g) = -6*g**3 + 13*g**2 - 16*g + 64. Let z(j) = -6*d(j) + 7*k(j). What is the hundreds digit of z(-21)?
1
What is the units digit of 7 + (208260/3)/10?
9
Suppose 3*x - 6*t + 2*t = 11, -5*t + 15 = 2*x. Suppose x*o + 5*y = 8*y + 2796, 5*o - 4*y - 2793 = 0. What is the units digit of o?
1
Let f = 352 - 355. Let p(v) = 107*v**2 + 4*v + 25. What is the tens digit of p(f)?
7
Let y(a) = -2*a**2 + 12*a - 2. Let z(h) = -h**2 - 5*h + 16. Let k be z(-7). Suppose k*o + 4*m - 10 = 0, 1 + 9 = 2*o - m. What is the units digit of y(o)?
8
Suppose -7*c - 3 = 11. Let k(p) = 4*p**3 - 12*p**2 + 12. Let r(m) = m**3 - m**2 + 1. Let t(j) = c*k(j) + 28*r(j). What is the tens digit of t(2)?
4
Let m(b) = b**2 + b + 2. Let h be (-12)/(-102) + (-2)/17. Let j be m(h). Suppose -3*i = -19 - j. What is the units digit of i?
7
Let u = -22 - 5. Let h = 23 + u. What is the tens digit of (1320/(-25))/h + 1/(-5)?
1
Let d be 1 + (-10)/8 - (-53295)/(-132). What is the tens digit of 3 - ((-32)/(-48) - d/(-3))?
3
Let h be (-447)/(3/(-2) - 0). Suppose 38*f + 85*f - 2 = -2. Suppose 5*q - 382 - h = f. What is the tens digit of q?
3
What is the tens digit of ((-330)/(-44))/(0 + 0 - 5/(-260))?
9
Suppose 11*c + 21 = 4*c. Let u be 6/((6/(-1))/c). Suppose -u*q + 56 = 2*p - q, 0 = -3*q - 6. What is the units digit of p?
0
Let o(f) be the second derivative of -23*f**3/2 - 27*f**2/2 - f. Let d be o(-6). Suppose 21*x - d = 18*x. What is the hundreds digit of x?
1
Let s(o) = -2*o**3 + 20*o**2 - 3*o - 39. Let w be s(10). Suppose 0 = y - 2*y + 5*p + 185, -3*p = 4*y - 648. Let i = w + y. What is the units digit of i?
6
Suppose -34*v + 15 + 53 = 0. Suppose u + d - 236 = 0, -5*d = 5*u - v*u - 710. What is the hundreds digit of u?
2
Let r = 695 + 515. Suppose -3*h + 2*g + r = 404, -3*h = 5*g - 778. What is the hundreds digit of h?
2
Suppose 3*i - 8 = 5*y - 5, 0 = 4*i + 3*y + 25. Let h(n) = -135*n - 14 + 6 - 141*n + 271*n. What is the units digit of h(i)?
2
Let h = 21 - 17. Suppose 1